{"id":423,"date":"2023-06-11T01:21:47","date_gmt":"2023-06-10T23:21:47","guid":{"rendered":"https:\/\/ioasis.eu\/?page_id=423"},"modified":"2023-06-11T01:29:19","modified_gmt":"2023-06-10T23:29:19","slug":"apple-vision-pro-a-revolutionary-leap-in-spatial-computing","status":"publish","type":"page","link":"https:\/\/ioasis.eu\/fi\/blogi\/apple-vision-pro-on-vallankumouksellinen-harppaus-paikkatietotekniikassa\/","title":{"rendered":"Apple Vision Pro: Vallankumouksellinen harppaus paikkatietotekniikassa"},"content":{"rendered":"<div data-elementor-type=\"wp-page\" data-elementor-id=\"423\" class=\"elementor elementor-423\">\n\t\t\t\t\t\t\t<div class=\"elementor-element elementor-element-ed8a82d e-con-boxed e-flex e-con\" data-id=\"ed8a82d\" data-element_type=\"container\" data-settings=\"{&quot;content_width&quot;:&quot;boxed&quot;}\">\n\t\t\t\t\t<div class=\"e-con-inner\">\n\t\t\t\t<div class=\"elementor-element elementor-element-12c54b24 elementor-widget elementor-widget-heading\" data-id=\"12c54b24\" data-element_type=\"widget\" data-widget_type=\"heading.default\">\n\t\t\t\t<div class=\"elementor-widget-container\">\n\t\t\t<style>\/*! elementor - v3.13.3 - 28-05-2023 *\/\n.elementor-heading-title{padding:0;margin:0;line-height:1}.elementor-widget-heading .elementor-heading-title[class*=elementor-size-]>a{color:inherit;font-size:inherit;line-height:inherit}.elementor-widget-heading .elementor-heading-title.elementor-size-small{font-size:15px}.elementor-widget-heading .elementor-heading-title.elementor-size-medium{font-size:19px}.elementor-widget-heading .elementor-heading-title.elementor-size-large{font-size:29px}.elementor-widget-heading .elementor-heading-title.elementor-size-xl{font-size:39px}.elementor-widget-heading .elementor-heading-title.elementor-size-xxl{font-size:59px}<\/style><h1 class=\"elementor-heading-title elementor-size-default\">Apple Vision Pro: Vallankumouksellinen harppaus paikkatietotekniikassa<\/h1>\t\t<\/div>\n\t\t\t\t<\/div>\n\t\t\t\t\t<\/div>\n\t\t\t\t<\/div>\n\t\t<div class=\"elementor-element elementor-element-3aacda91 e-con-boxed e-flex e-con\" data-id=\"3aacda91\" data-element_type=\"container\" data-settings=\"{&quot;content_width&quot;:&quot;boxed&quot;}\">\n\t\t\t\t\t<div class=\"e-con-inner\">\n\t\t\t\t<div class=\"elementor-element elementor-element-25fe96a elementor-widget elementor-widget-text-editor\" data-id=\"25fe96a\" data-element_type=\"widget\" data-widget_type=\"text-editor.default\">\n\t\t\t\t<div class=\"elementor-widget-container\">\n\t\t\t<style>\/*! elementor - v3.13.3 - 28-05-2023 *\/\n.elementor-widget-text-editor.elementor-drop-cap-view-stacked .elementor-drop-cap{background-color:#69727d;color:#fff}.elementor-widget-text-editor.elementor-drop-cap-view-framed .elementor-drop-cap{color:#69727d;border:3px solid;background-color:transparent}.elementor-widget-text-editor:not(.elementor-drop-cap-view-default) .elementor-drop-cap{margin-top:8px}.elementor-widget-text-editor:not(.elementor-drop-cap-view-default) .elementor-drop-cap-letter{width:1em;height:1em}.elementor-widget-text-editor .elementor-drop-cap{float:left;text-align:center;line-height:1;font-size:50px}.elementor-widget-text-editor .elementor-drop-cap-letter{display:inline-block}<\/style>\t\t\t\t<p>Apple on aina ollut teknisten innovaatioiden eturintamassa, eik\u00e4 heid\u00e4n uusin tuotteensa, Apple Vision Pro, ole poikkeus. T\u00e4m\u00e4 uraauurtava laite tulee m\u00e4\u00e4rittelem\u00e4\u00e4n uudelleen tavan, jolla olemme vuorovaikutuksessa digitaalisen sis\u00e4ll\u00f6n kanssa, ja tarjoaa saumattoman sekoituksen digitaalista ja fyysist\u00e4 maailmaa. T\u00e4ss\u00e4 blogikirjoituksessa perehdymme Apple Vision Pro:n ominaisuuksiin ja mahdollisuuksiin ja tutkimme, miksi se on mullistava tekij\u00e4 tilatietokoneiden alalla.<\/p><h6>Paikkatietotekniikka uudelleenm\u00e4\u00e4riteltyn\u00e4<\/h6><p>Apple Vision Pro merkitsee uuden aikakauden alkua paikkatietotekniikassa. Sen avulla k\u00e4ytt\u00e4j\u00e4t voivat navigoida digitaalisessa maailmassa yksinkertaisesti k\u00e4ytt\u00e4m\u00e4ll\u00e4 silmi\u00e4\u00e4n, k\u00e4si\u00e4\u00e4n ja \u00e4\u00e4nt\u00e4\u00e4n. T\u00e4m\u00e4 intuitiivinen vuorovaikutusj\u00e4rjestelm\u00e4 muuttaa toimintatapojamme ja mahdollistaa digitaalisen sis\u00e4ll\u00f6n k\u00e4ytt\u00e4misen tavoilla, jotka eiv\u00e4t ole ennen olleet mahdollisia.<\/p><h2>\u00a0<\/h2><h6>Immersiivinen viihdekokemus<\/h6><p>Apple Vision Pro ei ole pelkk\u00e4 ty\u00f6kalu, se on viihdett\u00e4 tuottava voimanpes\u00e4. Se voi muuttaa mink\u00e4 tahansa huoneen henkil\u00f6kohtaiseksi teatteriksesi ja laajentaa elokuvat, ohjelmat ja pelit t\u00e4ydellisen kokoisiksi samalla, kun tunnet olevasi osa toimintaa Spatial Audion avulla. Koska jokaisessa silm\u00e4ss\u00e4 on enemm\u00e4n pikseleit\u00e4 kuin 4K-televisiossa, voit nauttia upeasta sis\u00e4ll\u00f6st\u00e4 miss\u00e4 tahansa.<\/p><h6>\u00a0<\/h6><h6>Muistojen tallentaminen 3D:n\u00e4<\/h6><p>Vision Pro on Apple:n ensimm\u00e4inen laite, jossa on 3D-kamera. Sen avulla voit ottaa tilallisia valokuvia ja videoita 3D:n\u00e4 ja el\u00e4\u00e4 sitten n\u00e4m\u00e4 rakkaat hetket uudelleen upean Spatial Audio -\u00e4\u00e4nentoiston avulla. Olemassa oleva valokuva- ja videokirjastosi n\u00e4ytt\u00e4\u00e4 uskomattomalta huomattavassa mittakaavassa, ja panoraamakuvat kietoutuvat ymp\u00e4rillesi, jolloin sinusta tuntuu kuin seisoisit juuri siin\u00e4 paikassa, miss\u00e4 otit ne.<\/p><h6>\u00a0<\/h6><h6>Yhteyden luominen samassa tilassa<\/h6><p>Vision Pro parantaa yhteisty\u00f6kyky\u00e4si ja yhteydenpitoa miss\u00e4 tahansa oletkin. FaceTime-videolaatat ovat el\u00e4v\u00e4nkokoisia, ja kun uusia ihmisi\u00e4 liittyy, puhelu yksinkertaisesti laajenee huoneessasi. FaceTimess\u00e4 voit my\u00f6s k\u00e4ytt\u00e4\u00e4 sovelluksia, joiden avulla voit tehd\u00e4 yhteisty\u00f6t\u00e4 kollegoiden kanssa samojen asiakirjojen parissa samanaikaisesti.<\/p><h6>\u00a0<\/h6><h6>Tyylik\u00e4s muotoilu ja edistyksellinen tekniikka<\/h6><p>Apple Vision Pro on tulosta vuosikymmenten kokemuksesta huipputehokkaiden, mobiililaitteiden ja puettavien laitteiden suunnittelussa. Se yhdist\u00e4\u00e4 uskomattoman edistyksellist\u00e4 teknologiaa tyylikk\u00e4\u00e4seen ja kompaktiin muotoon, mik\u00e4 tuottaa h\u00e4mm\u00e4stytt\u00e4v\u00e4n kokemuksen joka kerta, kun laitat sen p\u00e4\u00e4h\u00e4si. Laitteessa on ainutlaatuinen pala kolmiulotteisesti muotoiltua laminoitua lasia, joka sulautuu alumiiniseoskehykseen ja kaartuu kasvojen ymp\u00e4rille.<\/p><h6>\u00a0<\/h6><h6>Vision Pro:n virransy\u00f6tt\u00f6<\/h6><p>Vision Pro:n virtal\u00e4hteen\u00e4 on ainutlaatuinen kaksoissirumalli. Tehokas M2-siru k\u00e4ytt\u00e4\u00e4 samanaikaisesti visionOS:t\u00e4, suorittaa kehittyneit\u00e4 tietokonen\u00e4k\u00f6algoritmeja ja tuottaa upeaa grafiikkaa, ja kaikki t\u00e4m\u00e4 uskomattoman tehokkaasti. Upouusi R1-piiri on erityisesti omistettu kameroiden, antureiden ja mikrofonien sy\u00f6tteiden k\u00e4sittelyyn, ja se l\u00e4hett\u00e4\u00e4 kuvat n\u00e4yt\u00f6ille 12 millisekunnissa, mik\u00e4 takaa l\u00e4hes viiveett\u00f6m\u00e4n reaaliaikaisen kuvan maailmasta.<\/p><h6>\u00a0<\/h6><h6>Yksityisyys ja turvallisuus<\/h6><p>Kuten kaikki Apple-tuotteet ja -palvelut, my\u00f6s Vision Pro on suunniteltu suojaamaan yksityisyytt\u00e4si ja pit\u00e4m\u00e4\u00e4n tietosi hallinnassa. Se perustuu nykyisten Apple:n tietosuoja- ja tietoturvaominaisuuksien perustalle ja sis\u00e4lt\u00e4\u00e4 uusia tekniikoita, kuten Optic ID:n, turvallisen tunnistusj\u00e4rjestelm\u00e4n, joka k\u00e4ytt\u00e4\u00e4 iiriksen ainutlaatuisuutta.<\/p><h6>\u00a0<\/h6><h6>P\u00e4\u00e4telm\u00e4<\/h6><p>Apple Vision Pro on enemm\u00e4n kuin pelkk\u00e4 laite; se on vallankumouksellinen harppaus paikkatietotekniikassa. Se tarjoaa mukaansatempaavan, intuitiivisen ja vuorovaikutteisen kokemuksen, jossa digitaalinen sis\u00e4lt\u00f6 yhdistyy saumattomasti fyysiseen tilaan. Etsitp\u00e4 sitten uutta tapaa ty\u00f6skennell\u00e4, leikki\u00e4 tai pit\u00e4\u00e4 yhteytt\u00e4, Apple Vision Pro muuttaa digitaalisen el\u00e4m\u00e4si.<\/p><p>Uraauurtavien ominaisuuksiensa ja ominaisuuksiensa ansiosta ei ole ihme, ett\u00e4 Apple Vision Pro:st\u00e4 on tulossa seuraava iso juttu teknologiamaailmassa. Oletko valmis astumaan tulevaisuuteen Apple Vision Pro:n kanssa?<\/p><p><a href=\"https:\/\/ioasis.eu\/fi\/blogi\/\"><span style=\"text-decoration: underline;\">Takaisin<\/span><\/a><\/p>\t\t\t\t\t\t<\/div>\n\t\t\t\t<\/div>\n\t\t\t\t\t<\/div>\n\t\t\t\t<\/div>\n\t\t\t\t\t\t\t<\/div>","protected":false},"excerpt":{"rendered":"<p>Apple on aina ollut teknisten innovaatioiden eturintamassa, eik\u00e4 heid\u00e4n uusin tuotteensa, Apple Vision Pro, ole poikkeus. T\u00e4m\u00e4 uraauurtava laite tulee m\u00e4\u00e4rittelem\u00e4\u00e4n uudelleen tavan, jolla olemme vuorovaikutuksessa digitaalisen sis\u00e4ll\u00f6n kanssa, ja tarjoaa saumattoman sekoituksen digitaalista ja fyysist\u00e4 maailmaa. T\u00e4ss\u00e4 blogikirjoituksessa perehdymme Apple Vision Pro:n ominaisuuksiin ja mahdollisuuksiin ja tutkimme, miksi se on mullistava tekij\u00e4 tilatietokoneiden alalla.<\/p>","protected":false},"author":1,"featured_media":225,"parent":415,"menu_order":0,"comment_status":"closed","ping_status":"closed","template":"","meta":{"footnotes":""},"class_list":["post-423","page","type-page","status-publish","has-post-thumbnail","hentry"],"jetpack_sharing_enabled":true,"_links":{"self":[{"href":"https:\/\/ioasis.eu\/fi\/wp-json\/wp\/v2\/pages\/423","targetHints":{"allow":["GET"]}}],"collection":[{"href":"https:\/\/ioasis.eu\/fi\/wp-json\/wp\/v2\/pages"}],"about":[{"href":"https:\/\/ioasis.eu\/fi\/wp-json\/wp\/v2\/types\/page"}],"author":[{"embeddable":true,"href":"https:\/\/ioasis.eu\/fi\/wp-json\/wp\/v2\/users\/1"}],"replies":[{"embeddable":true,"href":"https:\/\/ioasis.eu\/fi\/wp-json\/wp\/v2\/comments?post=423"}],"version-history":[{"count":4,"href":"https:\/\/ioasis.eu\/fi\/wp-json\/wp\/v2\/pages\/423\/revisions"}],"predecessor-version":[{"id":427,"href":"https:\/\/ioasis.eu\/fi\/wp-json\/wp\/v2\/pages\/423\/revisions\/427"}],"up":[{"embeddable":true,"href":"https:\/\/ioasis.eu\/fi\/wp-json\/wp\/v2\/pages\/415"}],"wp:featuredmedia":[{"embeddable":true,"href":"https:\/\/ioasis.eu\/fi\/wp-json\/wp\/v2\/media\/225"}],"wp:attachment":[{"href":"https:\/\/ioasis.eu\/fi\/wp-json\/wp\/v2\/media?parent=423"}],"curies":[{"name":"wp","href":"https:\/\/api.w.org\/{rel}","templated":true}]}}

<div data-elementor-type="wp-page" data-elementor-id="423" class="elementor elementor-423">
							<div class="elementor-element elementor-element-ed8a82d e-con-boxed e-flex e-con" data-id="ed8a82d" data-element_type="container" data-settings="{&quot;content_width&quot;:&quot;boxed&quot;}">
					<div class="e-con-inner">
				<div class="elementor-element elementor-element-12c54b24 elementor-widget elementor-widget-heading" data-id="12c54b24" data-element_type="widget" data-widget_type="heading.default">
				<div class="elementor-widget-container">
			<style>/*! elementor - v3.13.3 - 28-05-2023 */
.elementor-heading-title{padding:0;margin:0;line-height:1}.elementor-widget-heading .elementor-heading-title[class*=elementor-size-]>a{color:inherit;font-size:inherit;line-height:inherit}.elementor-widget-heading .elementor-heading-title.elementor-size-small{font-size:15px}.elementor-widget-heading .elementor-heading-title.elementor-size-medium{font-size:19px}.elementor-widget-heading .elementor-heading-title.elementor-size-large{font-size:29px}.elementor-widget-heading .elementor-heading-title.elementor-size-xl{font-size:39px}.elementor-widget-heading .elementor-heading-title.elementor-size-xxl{font-size:59px}</style><h1 class="elementor-heading-title elementor-size-default">Apple Vision Pro: Vallankumouksellinen harppaus paikkatietotekniikassa</h1>		</div>
				</div>
					</div>
				</div>
		<div class="elementor-element elementor-element-3aacda91 e-con-boxed e-flex e-con" data-id="3aacda91" data-element_type="container" data-settings="{&quot;content_width&quot;:&quot;boxed&quot;}">
					<div class="e-con-inner">
				<div class="elementor-element elementor-element-25fe96a elementor-widget elementor-widget-text-editor" data-id="25fe96a" data-element_type="widget" data-widget_type="text-editor.default">
				<div class="elementor-widget-container">
			<style>/*! elementor - v3.13.3 - 28-05-2023 */
.elementor-widget-text-editor.elementor-drop-cap-view-stacked .elementor-drop-cap{background-color:#69727d;color:#fff}.elementor-widget-text-editor.elementor-drop-cap-view-framed .elementor-drop-cap{color:#69727d;border:3px solid;background-color:transparent}.elementor-widget-text-editor:not(.elementor-drop-cap-view-default) .elementor-drop-cap{margin-top:8px}.elementor-widget-text-editor:not(.elementor-drop-cap-view-default) .elementor-drop-cap-letter{width:1em;height:1em}.elementor-widget-text-editor .elementor-drop-cap{float:left;text-align:center;line-height:1;font-size:50px}.elementor-widget-text-editor .elementor-drop-cap-letter{display:inline-block}</style>				<p>Apple on aina ollut teknisten innovaatioiden eturintamassa, eikä heidän uusin tuotteensa, Apple Vision Pro, ole poikkeus. Tämä uraauurtava laite tulee määrittelemään uudelleen tavan, jolla olemme vuorovaikutuksessa digitaalisen sisällön kanssa, ja tarjoaa saumattoman sekoituksen digitaalista ja fyysistä maailmaa. Tässä blogikirjoituksessa perehdymme Apple Vision Pro:n ominaisuuksiin ja mahdollisuuksiin ja tutkimme, miksi se on mullistava tekijä tilatietokoneiden alalla.</p><h6>Paikkatietotekniikka uudelleenmääriteltynä</h6><p>Apple Vision Pro merkitsee uuden aikakauden alkua paikkatietotekniikassa. Sen avulla käyttäjät voivat navigoida digitaalisessa maailmassa yksinkertaisesti käyttämällä silmiään, käsiään ja ääntään. Tämä intuitiivinen vuorovaikutusjärjestelmä muuttaa toimintatapojamme ja mahdollistaa digitaalisen sisällön käyttämisen tavoilla, jotka eivät ole ennen olleet mahdollisia.</p><h2> </h2><h6>Immersiivinen viihdekokemus</h6><p>Apple Vision Pro ei ole pelkkä työkalu, se on viihdettä tuottava voimanpesä. Se voi muuttaa minkä tahansa huoneen henkilökohtaiseksi teatteriksesi ja laajentaa elokuvat, ohjelmat ja pelit täydellisen kokoisiksi samalla, kun tunnet olevasi osa toimintaa Spatial Audion avulla. Koska jokaisessa silmässä on enemmän pikseleitä kuin 4K-televisiossa, voit nauttia upeasta sisällöstä missä tahansa.</p><h6> </h6><h6>Muistojen tallentaminen 3D:nä</h6><p>Vision Pro on Apple:n ensimmäinen laite, jossa on 3D-kamera. Sen avulla voit ottaa tilallisia valokuvia ja videoita 3D:nä ja elää sitten nämä rakkaat hetket uudelleen upean Spatial Audio -äänentoiston avulla. Olemassa oleva valokuva- ja videokirjastosi näyttää uskomattomalta huomattavassa mittakaavassa, ja panoraamakuvat kietoutuvat ympärillesi, jolloin sinusta tuntuu kuin seisoisit juuri siinä paikassa, missä otit ne.</p><h6> </h6><h6>Yhteyden luominen samassa tilassa</h6><p>Vision Pro parantaa yhteistyökykyäsi ja yhteydenpitoa missä tahansa oletkin. FaceTime-videolaatat ovat elävänkokoisia, ja kun uusia ihmisiä liittyy, puhelu yksinkertaisesti laajenee huoneessasi. FaceTimessä voit myös käyttää sovelluksia, joiden avulla voit tehdä yhteistyötä kollegoiden kanssa samojen asiakirjojen parissa samanaikaisesti.</p><h6> </h6><h6>Tyylikäs muotoilu ja edistyksellinen tekniikka</h6><p>Apple Vision Pro on tulosta vuosikymmenten kokemuksesta huipputehokkaiden, mobiililaitteiden ja puettavien laitteiden suunnittelussa. Se yhdistää uskomattoman edistyksellistä teknologiaa tyylikkääseen ja kompaktiin muotoon, mikä tuottaa hämmästyttävän kokemuksen joka kerta, kun laitat sen päähäsi. Laitteessa on ainutlaatuinen pala kolmiulotteisesti muotoiltua laminoitua lasia, joka sulautuu alumiiniseoskehykseen ja kaartuu kasvojen ympärille.</p><h6> </h6><h6>Vision Pro:n virransyöttö</h6><p>Vision Pro:n virtalähteenä on ainutlaatuinen kaksoissirumalli. Tehokas M2-siru käyttää samanaikaisesti visionOS:tä, suorittaa kehittyneitä tietokonenäköalgoritmeja ja tuottaa upeaa grafiikkaa, ja kaikki tämä uskomattoman tehokkaasti. Upouusi R1-piiri on erityisesti omistettu kameroiden, antureiden ja mikrofonien syötteiden käsittelyyn, ja se lähettää kuvat näytöille 12 millisekunnissa, mikä takaa lähes viiveettömän reaaliaikaisen kuvan maailmasta.</p><h6> </h6><h6>Yksityisyys ja turvallisuus</h6><p>Kuten kaikki Apple-tuotteet ja -palvelut, myös Vision Pro on suunniteltu suojaamaan yksityisyyttäsi ja pitämään tietosi hallinnassa. Se perustuu nykyisten Apple:n tietosuoja- ja tietoturvaominaisuuksien perustalle ja sisältää uusia tekniikoita, kuten Optic ID:n, turvallisen tunnistusjärjestelmän, joka käyttää iiriksen ainutlaatuisuutta.</p><h6> </h6><h6>Päätelmä</h6><p>Apple Vision Pro on enemmän kuin pelkkä laite; se on vallankumouksellinen harppaus paikkatietotekniikassa. Se tarjoaa mukaansatempaavan, intuitiivisen ja vuorovaikutteisen kokemuksen, jossa digitaalinen sisältö yhdistyy saumattomasti fyysiseen tilaan. Etsitpä sitten uutta tapaa työskennellä, leikkiä tai pitää yhteyttä, Apple Vision Pro muuttaa digitaalisen elämäsi.</p><p>Uraauurtavien ominaisuuksiensa ja ominaisuuksiensa ansiosta ei ole ihme, että Apple Vision Pro:stä on tulossa seuraava iso juttu teknologiamaailmassa. Oletko valmis astumaan tulevaisuuteen Apple Vision Pro:n kanssa?</p><p><a href="https://ioasis.eu/fi/blogi/"><span style="text-decoration: underline;">Takaisin</span></a></p>						</div>
				</div>
					</div>
				</div>
							</div>

<p>Apple on aina ollut teknisten innovaatioiden eturintamassa, eikä heidän uusin tuotteensa, Apple Vision Pro, ole poikkeus. Tämä uraauurtava laite tulee määrittelemään uudelleen tavan, jolla olemme vuorovaikutuksessa digitaalisen sisällön kanssa, ja tarjoaa saumattoman sekoituksen digitaalista ja fyysistä maailmaa. Tässä blogikirjoituksessa perehdymme Apple Vision Pro:n ominaisuuksiin ja mahdollisuuksiin ja tutkimme, miksi se on mullistava tekijä tilatietokoneiden alalla.</p>
